ed by y?
17
Suppose -5*i - 4*a - 8 = 0, 0 = -4*a + 14 - 2. Let k = i + 9. What is the remainder when k is divided by 2?
1
Let o be 94/8 + 2/8. Let g be (-110)/935 - (1 + (-72)/34). Let t = o - g. What is the remainder when t is divided by 3?
2
Let f be (8 - 9)/(1/(-75)). Let i = f + -57. What is the remainder when 70 is divided by i?
16
Suppose -2*l - 7 = -g, -4*g - 50 = -2*l + 7*l. Suppose -2*p - 117 = -11*p. What is the remainder when ((-9)/l)/((-3)/(-100)) is divided by p?
11
Let q(w) = -w**2 + 11*w + 7. Suppose 0 = 3*k - 3*o - 18, 3*o + 2 = 5. What is the remainder when q(k) is divided by 18?
17
Suppose 0 = 4*r + 4*r - 192. Suppose -2*l + 112 - 18 = 0. What is the remainder when l is divided by r?
23
Suppose 54*n - 3993 = 21*n. What is the remainder when n is divided by 32?
25
Let k be ((-8)/6)/((-14)/21). Suppose -4*f + 72 = k*f. Calculate the remainder when 35 is divided by f.
11
Let p = -1519 - -1612. Calculate the remainder when p is divided by 7.
2
Let o(a) = 2*a - 7. Let z(f) = 5*f - 22. Let h(x) = 8*o(x) - 3*z(x). Let l be h(-7). Suppose -4 = -p - l*p. Calculate the remainder when 2 is divided by p.
0
Calculate the remainder when (86 + -85)/((-2)/(-1486)) is divided by 24.
23
Suppose -922 = -3*g - 220. What is the remainder when g is divided by 79?
76
Suppose 3*q + 5*l = 277, -3*q = 4*l - 199 - 79. Calculate the remainder when q is divided by 16.
14
Let q = -55 + -63. Let c = q - -141. What is the remainder when 87 is divided by c?
18
Suppose 50 = -j - 4*j. Calculate the remainder when 51 is divided by (-2 - 0)/(j/65).
12
What is the remainder when 113 is divided by 13/(-26) - 54/(-4)?
9
Let z be 0*1/3 + -3. Let h(a) = -6*a**3 - a**2 - 3*a + 2. Let m be h(z). Calculate the remainder when ((-9)/12)/(-3)*m is divided by 14.
13
Let z(f) = 68*f + 118. Calculate the remainder when z(6) is divided by 14.
8
Let i(y) = y**2 + 4*y - 4. Suppose -z - 2 + 23 = 0. Suppose 3*c + z = -3. Calculate the remainder when i(c) is divided by 10.
8
Calculate the remainder when 134 + -3 - (-24)/6 is divided by 20.
15
Suppose 0*s = 3*a + s - 87, -5*a - 2*s = -145. What is the remainder when a is divided by 10?
9
Let w(j) = 3*j**2. Let t(b) = b + 8. Let r be t(-10). What is the remainder when 403/9 - (-6)/27 is divided by w(r)?
9
Suppose -w + 3*f + 6 = 1, 3*f + 45 = 3*w. What is the remainder when w is divided by 12?
8
Let m(r) = -r**3 + r**2 + 1. Let q(b) = 7*b**3 - 6*b**2 - 53. Let d(z) = -6*m(z) - q(z). What is the remainder when d(0) is divided by 26?
21
What is the remainder when 119 is divided by (-868)/(-12)*(-6)/(-7)?
57
Let v(y) = 2*y**3 - 22*y**2 - 28*y - 44. Calculate the remainder when v(13) is divided by 45.
43
Suppose 3*k + 4*w = 104, -k + w + 1 + 22 = 0. Suppose 5*p + k = 93. Calculate the remainder when p is divided by (1/(-6))/(7/14)*-15.
3
Suppose 2*q - 35 + 228 = 3*h, 0 = -h + 2*q + 67. What is the remainder when h is divided by (-2 + -4 - (-10 - -9)) + 16?
8
Suppose 648 = 7*d - 1256. What is the remainder when d is divided by 86?
14
Suppose -4*l + 3*j + 124 = 0, 5*j - 121 = -3*l - 28. Let n = l - 20. Calculate the remainder when n is divided by 8.
3
Let b = 732 - 316. Suppose 3*v + b = 5*v. Suppose 4*n - v = -76. What is the remainder when n is divided by 9?
6
Suppose 3*d - 3*j - 9 = -0*j, 0 = 2*d - 4*j - 12. Suppose u - 6*u + 130 = d. Calculate the remainder when 76 is divided by u.
24
Suppose 0 = 3*y - 2 - 130. Let o = 46 + -31. Calculate the remainder when y is divided by o.
14
Let a = 46 + -21. Let y = -178 - -250. Calculate the remainder when y is divided by a.
22
Let t = 0 - -14. Let p be (-238)/(-16) + (-1)/(-8). Calculate the remainder when t is divided by 126/p + 4/(-10).
6
Suppose -h = -0*h - 4*w - 13, 71 = 3*h + 4*w. Let d = h + -14. Calculate the remainder when d is divided by 2.
1
Let y = 7945 - 7924. What is the remainder when ((-130)/(-4))/(1/2) is divided by y?
2
Let n = -470 - -921. Calculate the remainder when n is divided by 91.
87
Let o = -731 + 748. Suppose -4*s = 0, -r + 2*s - 4*s = -84. Calculate the remainder when r is divided by o.
16
Let u(w) = 20*w**2 + w + 2. Let z(f) = f**3 - 8*f**2 + 3*f + 17. Calculate the remainder when z(8) is divided by u(-1).
20
What is the remainder when 66 is divided by 40/25 - -12 - (-6)/15?
10
Let q = -69 - -93. Calculate the remainder when 89 is divided by q.
17
Suppose 2*r = -s - 7, -4*r + 0*s - 3*s = 13. What is the remainder when 26 is divided by (-2)/r*84/7?
2
Calculate the remainder when 67 is divided by 0 + 36 - (141 - 134).
9
What is the remainder when 357/28*(-12)/(-9) is divided by 3?
2
Suppose 102*n = 106*n - 408. What is the remainder when n is divided by 24?
6
Calculate the remainder when (-6 + -6)/(-2) - -473 is divided by 37.
35
Suppose -2*x - 3 + 25 = 0. Suppose 2*q = 2*b - 63 - 25, -3*b - 5*q = -132. Let t = b + -1. What is the remainder when t is divided by x?
10
Let c = 42 - 40. What is the remainder when ((-33)/c)/(1/(-6)) is divided by 34?
31
Let k(d) = d**2 + 12*d + 3. Let t be k(-3). What is the remainder when 35 is divided by 2/(-8) + (-102)/t?
3
Let o(i) = -3*i**2 + 73*i - 12. Let p be o(24). Let b(y) = -3*y + 47. Calculate the remainder when (1 - (-21 + 1))*1 is divided by b(p).
10
Suppose -14 = 4*p - 78. Suppose -p*t = -5*g - 11*t + 45, 9 = 2*g + t. Calculate the remainder when 172 is divided by g.
4
Let h = -141 - -152. Suppose h*r - 45 = 8*r. What is the remainder when 24 is divided by r?
9
Let n(h) = -h**3 + 20*h**2 - 16*h - 31. What is the remainder when n(19) is divided by 12?
2
Let m(r) = -r**3 + 8*r**2 - 3*r. Let f = 27 - 20. Calculate the remainder when m(f) is divided by 10.
8
Let w(v) = v**3 + 7*v**2 + 3*v + 3. Let l(k) = 3*k**2 + 3*k + 42. What is the remainder when l(-5) is divided by w(-6)?
18
Let i(v) = v**2 + 8*v + 8. Let g be i(-12). Suppose 0 = -12*r + 8*r + g. Suppose s - 7 - 1 = 0. Calculate the remainder when r is divided by s.
6
Let i(w) = w**3 - 8*w**2 + 7*w + 2. Suppose 5*m = -8 + 43. Let o(j) = -j**3 + 4*j**2 + j - 2. Calculate the remainder when i(m) is divided by o(4).
0
Suppose -3*z - 4*a + 1504 = 0, -27*a = -26*a - 1. What is the remainder when z is divided by 30?
20
Let v = -7508 + 7607. Suppose -2*i + 130 = 3*i. Calculate the remainder when v is divided by i.
21
Suppose 2*y - 41 - 90 = -c, 4*c - 3*y - 480 = 0. Calculate the remainder when c is divided by 64.
59
Let x = -11 + 54. Suppose -v = -x - 4. Let q = -9 + 26. What is the remainder when v is divided by q?
13
Let p(w) = w**2 + 2*w - 129. Calculate the remainder when 1494 is divided by p(-13).
10
Let c = 24 + -25. Calculate the remainder when 36 is divided by c/(-2)*22 - -2.
10
Let h = 67 - 77. Calculate the remainder when 74 is divided by 35/(-14)*104/h.
22
Let a = -260 + 274. Suppose q - 220 = -3*q. What is the remainder when q is divided by a?
13
Let q(g) be the second derivative of 1/20*g**5 + 1/2*g**2 + 4*g + 1/6*g**3 - 1/2*g**4 + 0. Calculate the remainder when q(6) is divided by 2.
1
Suppose -r + 56*j + 117 = 58*j, -5*r + 546 = -3*j. What is the remainder when r is divided by 65?
46
Let k = -2 + 2. Suppose 3*y + 3 = k, 2*r - 19 = -2*y - y. Calculate the remainder when 454/11 - (-165)/(-605) is divided by r.
8
Let s(r) = 0 + 1 + 3*r - 2 - 5. What is the remainder when s(3) is divided by 2?
1
Suppose 3*d + 4*r = d + 5970, 2*r = -8. Suppose 0 = 9*p + 725 - d. Calculate the remainder when p is divided by 64.
60
Let y(h) = h**3 - 5*h**2 - 6*h + 2. Let w be y(6). Let f(s) = 5*s**2 + 2*s - 3. Let o(t) = -t**2 + t + 8. Calculate the remainder when f(w) is divided by o(0).
5
Let z(u) = 6*u**3 - 7*u + 13. Calculate the remainder when 514 is divided by z(2).
44
Suppose 2*w - 224 = -5*w. Calculate the remainder when 27 is divided by 34/(-51) + w/3.
7
Let c(b) = 48*b + 10*b + 41*b. Suppose 0 = 6*f - f - 5. Calculate the remainder when c(f) is divided by 25.
24
Let b(r) = 2*r + 2. Calculate the remainder when 350 is divided by b(15).
30
Suppose -5*s = -10, -2*f = 2*f + 4*s - 52. Let t = 40 + -33. Calculate the remainder when f is divided by t.
4
Let z be 3/(-2)*8/(-3). Suppose 19 = -3*r + z*r. Let c(x) = x**2 - 6*x + 15. What is the remainder when c(10) is divided by r?
17
Let h(z) = -6*z + 11. What is the remainder when 168 is divided by h(-6)?
27
Let v(a) be the third deriv